Suppose 3*z = 2*x - 47 - 85, 4*x = 3*z + 252. Suppose 14*i - 391 = -55. Calculate the greatest common factor of i and x.
12
Let v = -41 - -43. Suppose -v*n = 8*n - 20. Calculate the greatest common divisor of n and 10.
2
Let h(f) = 4*f**2 - 22*f. Let w be h(3). Let z be 4*2/1 - 2. Let j be w*(3 - 6)/z. What is the highest common factor of 45 and j?
15
Suppose 2*n = -3*n + 10, -n - 206 = -4*f. Let b = -1 + 2. Let g be (b - -12)/(1/1). What is the greatest common divisor of f and g?
13
Let p be (-1208)/(-5) + 2/5. Let l be (-10)/12 + 29455/1290. Calculate the highest common divisor of l and p.
22
Suppose -4*t = 5*a - 25, 1 - 26 = -5*a. Suppose 2*r - u - 2 - 2 = t, -4*u - 11 = -3*r. Calculate the highest common factor of r and 1.
1
Suppose 5 = 2*a - 5. Suppose -244 = -2*i + a*n, -n = -3*i - 0*i + 353. Calculate the greatest common divisor of 39 and i.
39
Suppose -3051 = -3*r - 0*r. Calculate the highest common factor of 9 and r.
9
Let p be (161/(-3))/((-1)/3). Suppose 0 = -2*m + 16 + 16. Let f be 93/4 - 4/m. Calculate the greatest common factor of f and p.
23
Let n be ((-1)/(7/36))/((-392)/4116). What is the highest common factor of n and 72?
18
Let w = -21 - -32. Suppose w*m - 13*m = -18. Calculate the highest common factor of 6 and m.
3
Let y be (12/(-9))/(3/(-9)). Suppose y*h = 289 - 81. Suppose 2*p - h = -0. Calculate the highest common divisor of 39 and p.
13
Suppose v = -v + 112. Let q(c) = c - 4. Let d be q(3). Let j be d/3 + (-50)/(-6). What is the greatest common divisor of j and v?
8
Let t(q) = -q**3 + q**2 + 9*q - 5. Let w be (-3)/(-1)*1/1. Let l be t(w). What is the highest common factor of 1 and l?
1
Let u(k) = 6*k**2 - 7*k + 1. Let z be u(2). What is the highest common divisor of 66 and z?
11
Let y be ((-50)/2)/(2/(-4)). Suppose -11*w = -6*w + y. Let u be (-3148)/(-11) + w/55. What is the greatest common factor of u and 26?
26
Let s be ((-780)/15)/((-1)/1). Calculate the greatest common divisor of 65 and s.
13
Let x(t) = -2*t**2 + 5*t - 4. Let f be x(5). Let b be (-3 - (-4 - f))*-1. Let h be 2 - (-1)/(2/10). Calculate the greatest common divisor of b and h.
7
Suppose -3*k = -3*r - 120, -k + 4*r = 2*k - 120. Let x = 10 - 5. Suppose 50 = 2*s + 4*g - k, -5*g = x*s - 200. What is the highest common divisor of 7 and s?
7
Let s = 5 + -1. Let z be 916/5 + s/(-20). Let a = -29 + z. Calculate the highest common divisor of 14 and a.
14
Let c be 4/3*(-33)/(-2). Let t be (-17 - -11)*(-1 - 1). Suppose 8*z + 792 = t*z. What is the greatest common factor of z and c?
22
Let t be ((-6)/8)/(39/(-1768)). Suppose x = 3*x - 408. Calculate the greatest common divisor of t and x.
34
Let t(w) be the third derivative of w**5/60 + w**4/8 + 2*w**3 + 15*w**2. Let y be t(-12). Calculate the highest common factor of 15 and y.
15
Let d(q) = -q**2 + 12*q - 11. Let l be d(9). Let r = l - 8. Let b = -15 - -79. What is the highest common factor of b and r?
8
Suppose 5*j - 2*j = 4*r - 4, -3*r = j - 16. What is the highest common divisor of r and 124?
4
Let a(m) = 5*m - 29. Suppose -6 + 20 = h - 5*v, -h - 2*v = -7. Let x be a(h). Calculate the highest common divisor of x and 8.
8
Suppose 5*y = t + 5, 3*t = -y + 6*y + 15. Let f be 6/(-4)*(t*-12)/4. What is the greatest common factor of 5 and f?
5
Suppose 30 = -v + 4*v + 2*b, -3*b - 45 = -3*v. What is the highest common divisor of 636 and v?
12
Suppose -4*j + 154 = 2*y, 7*y - 20 = 3*y. Calculate the highest common factor of j and 144.
36
Suppose -j + 5 = 0, -t + 7*j - 4*j + 2 = 0. Let b = t + -10. Suppose b*i - 8*i + 16 = 0. Calculate the greatest common factor of 112 and i.
16
Suppose 5*p + 2*j = -132, 2*j + 90 = -3*p + 14. Let i be 38/14 + (-8)/p. Let q be ((-10)/2 - -3) + i. What is the highest common divisor of q and 7?
1
Let k = 739 - 347. Suppose 0*m - 4*m = 2*t - k, 0 = 3*m + 4*t - 294. Calculate the highest common divisor of 28 and m.
14
Suppose -4*q + 3*g + 1212 = -g, 0 = 4*q + 3*g - 1191. Suppose q - 80 = y. Let u be 9/(243/534) - (-4)/18. Calculate the greatest common factor of y and u.
20
Suppose 42 = 4*l - 14. What is the highest common divisor of l and 238?
14
Let m be 4 - (4 + (8 - 679)). Calculate the greatest common divisor of m and 44.
11
Let k(u) = 11*u + 4. Suppose 4*d - 7 = -7. Let r be k(d). What is the highest common divisor of 10 and r?
2
Suppose -1 = 2*u - 5*y - 12, -3*y = u + 11. Let x be (u/5)/((-11)/110). Calculate the highest common factor of x and 44.
4
Let k = -745 - -799. What is the highest common divisor of 135 and k?
27
Let b be ((-8)/44 - (-28)/33)*3. Suppose 0 = -b*f - f + 66. What is the highest common divisor of f and 198?
22
Suppose 15*s - 13 = 12*s - 5*v, -2*s + 2*v + 14 = 0. What is the greatest common divisor of s and 24?
6
Suppose 0 = 3*w + 4 + 11, 4*b + 5*w + 9 = 0. Let n be 18 + 1/1 - (6 + -3). Calculate the highest common divisor of b and n.
4
Suppose -2*y = 3*y - z - 125, z + 50 = 2*y. Let i be 1*2*(-10)/(-4). What is the highest common divisor of y and i?
5
Let k(c) = c**2 + 9*c. Let t be k(-4). Let v(l) = -3*l - 41. Let x be v(t). What is the greatest common divisor of 19 and x?
19
Let b be ((-468)/(-96))/13 + (-4794)/(-16). What is the greatest common divisor of 12 and b?
12
Let h(s) = 97*s + 26. Let l be h(4). Calculate the highest common divisor of 46 and l.
46
Let i = 469 + -301. Suppose -3*q + 7*q - i = 0. Calculate the highest common divisor of 6 and q.
6
Let x = 43 + -79. Let a be (0 + 1)/(4/x). Let u = 8 - a. Calculate the highest common divisor of u and 153.
17
Suppose -38*a + 100 = -34*a. What is the highest common factor of a and 175?
25
Suppose -3*r + 15 = 5*p + 4, -r = -5*p - 17. Let w be 1 + 7/(r/10). Let d(b) = -b**2 + b + 22. Let t be d(0). Calculate the greatest common divisor of t and w.
11
Let g be -1 + 2 + -70 - (-5 + 1). Let x = g - -93. What is the greatest common divisor of 49 and x?
7
Let u(r) = -r**3 + 7*r**2 - r + 6. Let b(y) = 2 - 2 + 1 + y. Let k be b(5). Let f be u(k). Calculate the highest common factor of f and 18.
18
Let h be (0 - -3)*50/15. Let s = 48 - 37. Suppose -5*b = s - 61. Calculate the greatest common factor of b and h.
10
Let v(n) be the first derivative of -2*n**2 + 35*n + 10. Let f be v(7). Calculate the highest common factor of 49 and f.
7
Let y(o) = o**2 + 0*o**2 - 11*o**3 - 13*o**3. Suppose 4*l = -4*q - 20, 8*q - 10*q + 4*l = -14. Let p be y(q). What is the greatest common factor of p and 5?
5
Suppose -72 = -7*o + 6*o. Suppose i - 53 = -3*j, -3*j + 2*i - 34 = -5*j. What is the greatest common divisor of j and o?
18
Let a(u) = 7*u**2 - 4*u + 1. Let f be a(-3). Let z = f + -71. Let n be (-3)/((-3)/(-2)) + 4. Calculate the greatest common factor of n and z.
1
Let a be 574/70 - (-8)/10. Suppose 5*u - 11 = n, 3*n + 5*u - 36 = -a. What is the greatest common factor of 12 and n?
4
Suppose 0 = -97*b + 115*b - 1584. Calculate the highest common factor of 220 and b.
44
Let k = -1331 + 1346. Let t be (-5)/(30/(-8))*45. Calculate the highest common factor of t and k.
15
Let r be (-15)/(-2)*84/18. Suppose -12*j + 25*j = 195. What is the greatest common divisor of j and r?
5
Let q(d) = 41*d**2. Let j be q(1). Suppose -5*z = s - 3*s + 887, 5*s - 2240 = 5*z. What is the greatest common divisor of j and s?
41
Let d = -16 + 1. Let q = 34 - d. Let b = q - 25. Calculate the highest common factor of 8 and b.
8
Let g(d) = 2*d**2 - 21*d - 14. Let j(k) = -2*k**2 + 20*k + 14. Let z(x) = -3*g(x) - 4*j(x). Let f be z(12). What is the highest common factor of f and 28?
14
Let j = -30 + 635. What is the greatest common factor of j and 165?
55
Let u = -127 + 347. Calculate the highest common divisor of 50 and u.
10
Let m(w) = -7*w + 3*w**2 - 3*w**2 + w**3 + 2*w**2. Let a be m(-4). Let q(z) = 7*z**2 + 7*z + 6. Let b be q(a). What is the greatest common factor of b and 10?
10
Let g(y) = 28*y**2 - 8*y + 30. Let n be g(3). What is the greatest common factor of n and 430?
86
Let z(m) = 2*m + 6. Let c be (-5 + 2)*14/(-1). Let o be c/11 + 10/55. Let r be z(o). Calculate the highest common divisor of 28 and r.
14
Let m(j) = -2*j + 12. Let n = 41 - 51. Let y be m(n). Let f(i) = -89*i - 4. Let k be f(-4). What is the greatest common divisor of y and k?
32
Let r be 2/(-15) + 730/(-150) + 344. What is the highest common factor of 226 and r?
113
Let z be (-1)/(-4